remainder when 3459 is divided by 172.
19
What is the remainder when 191864 is divided by 194?
192
Calculate the remainder when 3938 is divided by 3624.
314
What is the remainder when 1078542 is divided by 65?
62
What is the remainder when 8935 is divided by 39?
4
What is the remainder when 68969 is divided by 1567?
21
Calculate the remainder when 2019 is divided by 769.
481
What is the remainder when 2108960 is divided by 12?
8
What is the remainder when 407978 is divided by 4340?
18
What is the remainder when 25018 is divided by 5?
3
Calculate the remainder when 119659 is divided by 23.
13
Calculate the remainder when 3957 is divided by 758.
167
Calculate the remainder when 118770 is divided by 14846.
2
Calculate the remainder when 4669 is divided by 44.
5
Calculate the remainder when 3926 is divided by 207.
200
Calculate the remainder when 54951 is divided by 27455.
41
Calculate the remainder when 10934 is divided by 3492.
458
What is the remainder when 139731 is divided by 1075?
1056
What is the remainder when 21869 is divided by 90?
89
Calculate the remainder when 14291 is divided by 192.
83
Calculate the remainder when 31988 is divided by 1454.
0
Calculate the remainder when 1584782 is divided by 319.
309
What is the remainder when 665 is divided by 51?
2
Calculate the remainder when 1084510 is divided by 500.
10
What is the remainder when 18449 is divided by 158?
121
Calculate the remainder when 2961 is divided by 975.
36
What is the remainder when 166316 is divided by 34?
22
What is the remainder when 848 is divided by 262?
62
What is the remainder when 18051 is divided by 190?
1
Calculate the remainder when 7363 is divided by 172.
139
What is the remainder when 4636 is divided by 1482?
190
What is the remainder when 10325 is divided by 75?
50
Calculate the remainder when 12914 is divided by 29.
9
Calculate the remainder when 184998 is divided by 740.
738
What is the remainder when 167 is divided by 119?
48
Calculate the remainder when 74126 is divided by 105.
101
What is the remainder when 185634 is divided by 312?
306
Calculate the remainder when 784 is divided by 341.
102
What is the remainder when 3718 is divided by 188?
146
Calculate the remainder when 13804 is divided by 251.
250
What is the remainder when 8624 is divided by 452?
36
Calculate the remainder when 35885 is divided by 44.
25
What is the remainder when 38202 is divided by 27?
24
Calculate the remainder when 6044 is divided by 155.
154
Calculate the remainder when 1799027 is divided by 132.
131
What is the remainder when 1678 is divided by 227?
89
What is the remainder when 70896 is divided by 2953?
24
Calculate the remainder when 2302 is divided by 252.
34
What is the remainder when 431 is divided by 74?
61
What is the remainder when 4487 is divided by 300?
287
What is the remainder when 21884 is divided by 27?
14
Calculate the remainder when 4031 is divided by 257.
176
Calculate the remainder when 304 is divided by 285.
19
Calculate the remainder when 13331 is divided by 202.
201
Calculate the remainder when 20221 is divided by 27.
25
What is the remainder when 2093446 is divided by 68?
66
What is the remainder when 430 is divided by 208?
14
What is the remainder when 219623 is divided by 14641?
8
What is the remainder when 6046 is divided by 224?
222
What is the remainder when 26189 is divided by 13090?
9
Calculate the remainder when 12173 is divided by 4021.
110
Calculate the remainder when 8354 is divided by 27.
11
What is the remainder when 419008 is divided by 49?
9
What is the remainder when 5858 is divided by 535?
508
Calculate the remainder when 4400 is divided by 157.
4
What is the remainder when 956149 is divided by 111?
106
What is the remainder when 2870458 is divided by 12?
10
Calculate the remainder when 3558 is divided by 106.
60
Calculate the remainder when 2952 is divided by 114.
102
Calculate the remainder when 18956 is divided by 558.
542
What is the remainder when 114023 is divided by 2850?
23
Calculate the remainder when 2869 is divided by 1332.
205
Calculate the remainder when 1817 is divided by 69.
23
Calculate the remainder when 172089 is divided by 15644.
5
Calculate the remainder when 2582 is divided by 36.
26
What is the remainder when 3405 is divided by 824?
109
Calculate the remainder when 11089 is divided by 14.
1
What is the remainder when 142992 is divided by 6499?
14
Calculate the remainder when 414998 is divided by 83.
81
Calculate the remainder when 115496 is divided by 125.
121
Calculate the remainder when 467686 is divided by 187.
186
Calculate the remainder when 109989 is divided by 19.
17
Calculate the remainder when 66647 is divided by 271.
252
Calculate the remainder when 21609 is divided by 13.
3
What is the remainder when 2785 is divided by 693?
13
Calculate the remainder when 305148 is divided by 170.
168
Calculate the remainder when 4819 is divided by 207.
58
What is the remainder when 124983 is divided by 35?
33
Calculate the remainder when 11124 is divided by 105.
99
What is the remainder when 17818 is divided by 2225?
18
What is the remainder when 920 is divided by 369?
182
Calculate the remainder when 716 is divided by 356.
4
What is the remainder when 139369 is divided by 11?
10
What is the remainder when 310730 is divided by 9?
5
Calculate the remainder when 3262316 is divided by 828.
824
What is the remainder when 3620 is divided by 139?
6
What is the remainder when 27772 is divided by 463?
455
Calculate the remainder when 37603 is divided by 588.
559
What is the remainder when 10799 is divided by 20?
19
What is the remainder when 4142630 is divided by 653?
651
Calculate the remainder when 2849 is divided by 559.
54
What is the remainder when 2552 is divided by 892?
768
Calculate the remainder when 10619 is divided by 60.
59
What is the remainder when 33097 is divided by 2068?
9
Calculate the remainder when 610971 is divided by 126.
123
Calculate the remainder when 3998 is divided by 23.
19
Calculate the remainder when 149631 is divided by 1011.
3
Calculate the remainder when 58673 is divided by 122.
113
What is the remainder when 11609 is divided by 270?
269
Calculate the remainder when 89919 is divided by 44949.
21
Calculate the remainder when 42519 is divided by 218.
9
What is the remainder when 51468 is divided by 19?
16
What is the remainder when 139 is divided by 65?
9
What is the remainder when 80271 is divided by 441?
9
What is the remainder when 5012 is divided by 144?
116
What is the remainder when 897387 is divided by 169?
166
Calculate the remainder when 130700 is divided by 248.
4
What is the remainder when 46368 is divided by 473?
14
Calculate the remainder when 6186 is divided by 1546.
2
What is the remainder when 64385 is divided by 21440?
65
What is the remainder when 98635 is divided by 52?
43
What is the remainder when 23712 is divided by 5623?
1220
Calculate the remainder when 242102 is divided by 312.
302
What is the remainder when 1577 is divided by 132?
125
What is the remainder when 2368 is divided by 1046?
276
What is the remainder when 427348 is divided by 927?
1
Calculate the remainder when 4190 is divided by 4187.
3
What is the remainder when 3934 is divided by 131?
4
Calculate the remainder when 21035 is divided by 171.
2
What is the remainder when 466308 is divided by 155429?
21
What is the remainder when 165299 is divided by 10?
9
What is the remainder when 24790 is divided by 1629?
355
What is the remainder when 172257 is divided by 224?
1
What is the remainder when 25310 is divided by 56?
54
What is the remainder when 9835 is divided by 1625?
85
What is the remainder when 2785 is divided by 906?
67
What is the remainder when 15657 is divided by 1210?
1137
What is the remainder when 18118 is divided by 39?
22
Calculate the remainder when 399724 is divided by 477.
475
What is the remainder when 14504 is divided by 142?
20
What is the remainder when 81928 is divided by 38?
0
What is the remainder when 1046 is divided by 448?
150
What is the remainder when 30268 is divided by 327?
184
Calculate the remainder when 149157 is divided by 30.
27
Calculate the remainder when 63848 is divided by 106.
36
Calculate the remainder when 456539 is divided by 53.
50
Calculate the remainder when 4